{"id":1044,"date":"2018-04-22T11:17:06","date_gmt":"2018-04-22T09:17:06","guid":{"rendered":"http:\/\/via-vitis.de\/hp18cms\/cms2018\/unser-ort\/aktivitaeten\/campingplatz-und-stellplaetze\/"},"modified":"2018-04-27T16:18:20","modified_gmt":"2018-04-27T14:18:20","slug":"campingplatz-und-stellplaetze","status":"publish","type":"page","link":"http:\/\/via-vitis.de\/hp18cms\/unser-ort\/aktivitaeten\/campingplatz-und-stellplaetze\/","title":{"rendered":"Campingplatz und Stellpl\u00e4tze"},"content":{"rendered":"<div id=\"menueInSeite\" class=\"menu-unser-ort-container hpMobilMenue \"><ul id=\"menu-unser-ort\" class=\"seitenNavi \"><li id=\"menu-item-909\" class=\"menu-item menu-item-type-post_type menu-item-object-page menu-item-909\"><a href=\"http:\/\/via-vitis.de\/hp18cms\/unser-ort\/hatzenport-kennenlernen\/\">Unser Ort<\/a><\/li>\n<li id=\"menu-item-901\" class=\"menu-item menu-item-type-post_type menu-item-object-page menu-item-901\"><a href=\"http:\/\/via-vitis.de\/hp18cms\/unser-ort\/freizeit-und-kultur\/\">Freizeit und Kultur<\/a><\/li>\n<li id=\"menu-item-1065\" class=\"menu-item menu-item-type-post_type menu-item-object-page menu-item-1065\"><a href=\"http:\/\/via-vitis.de\/hp18cms\/unser-ort\/landschaft-und-wein\/\">Landschaft und Wein<\/a><\/li>\n<li id=\"menu-item-1064\" class=\"menu-item menu-item-type-post_type menu-item-object-page menu-item-1064\"><a href=\"http:\/\/via-vitis.de\/hp18cms\/unser-ort\/aktivitaeten\/wandern\/\">Aktivit\u00e4ten<\/a><\/li>\n<li id=\"menu-item-906\" class=\"menu-item menu-item-type-post_type menu-item-object-page menu-item-906\"><a href=\"http:\/\/via-vitis.de\/hp18cms\/unser-ort\/gastgeber\/\">Gastgeber<\/a><\/li>\n<li id=\"menu-item-908\" class=\"menu-item menu-item-type-post_type menu-item-object-page menu-item-908\"><a href=\"http:\/\/via-vitis.de\/hp18cms\/unser-ort\/essen-und-trinken\/\">Essen und Trinken<\/a><\/li>\n<li id=\"menu-item-913\" class=\"menu-item menu-item-type-post_type menu-item-object-page menu-item-913\"><a href=\"http:\/\/via-vitis.de\/hp18cms\/unser-ort\/service\/\">Service<\/a><\/li>\n<\/ul><\/div>\n<h2>Campinginsel Hatzenport<\/h2>\n<div id=\"menueInSeite\" class=\"menu-untermenue-aktivitaeten-container \"><ul id=\"menu-untermenue-aktivitaeten\" class=\"seitenNavi \"><li id=\"menu-item-1368\" class=\"blindLink menu-item menu-item-type-custom menu-item-object-custom menu-item-1368\"><a href=\"#menueInSeite\">Themen in diesem Abschnitt:<\/a><\/li>\n<li id=\"menu-item-1070\" class=\"menu-item menu-item-type-post_type menu-item-object-page menu-item-1070\"><a href=\"http:\/\/via-vitis.de\/hp18cms\/unser-ort\/aktivitaeten\/wandern\/\">Wandern<\/a><\/li>\n<li id=\"menu-item-1071\" class=\"menu-item menu-item-type-post_type menu-item-object-page menu-item-1071\"><a href=\"http:\/\/via-vitis.de\/hp18cms\/unser-ort\/aktivitaeten\/radfahren\/\">Radfahren<\/a><\/li>\n<li id=\"menu-item-1072\" class=\"menu-item menu-item-type-post_type menu-item-object-page menu-item-1072\"><a href=\"http:\/\/via-vitis.de\/hp18cms\/unser-ort\/aktivitaeten\/burgenbus\/\">Burgenbus<\/a><\/li>\n<li id=\"menu-item-1073\" class=\"menu-item menu-item-type-post_type menu-item-object-page menu-item-1073\"><a href=\"http:\/\/via-vitis.de\/hp18cms\/unser-ort\/aktivitaeten\/schiffsausfluege\/\">Schiffsausfl\u00fcge<\/a><\/li>\n<li id=\"menu-item-1074\" class=\"menu-item menu-item-type-post_type menu-item-object-page menu-item-1074\"><a href=\"http:\/\/via-vitis.de\/hp18cms\/unser-ort\/aktivitaeten\/campingplatz-und-stellplaetze\/\">Camping\/Stellpl\u00e4tze<\/a><\/li>\n<\/ul><\/div>\n<p>Der Campingplatz liegt auf einer Insel, dem HATZENPORTER WERTH, mitten in der Mosel. Diese ist \u00fcber einen Damm mit Hatzenport verbunden. Von der Insel aus haben Sie zu einer Seite einen herrlichen Ausblick auf den Ort und die Weinberge der Terrassenmosel und zur anderen Seite auf die Mosel und die H\u00f6hen des Hunsr\u00fccks.<br \/>\n<a href=\"http:\/\/campinginsel-hatzenport.de\/\" title=\"Link zur Website der Campinginsel Hatzenpor, \u00f6ffnet in neuem Fenster\" target=\"_blank\" rel=\"noopener\">campinginsel-hatzenport.de<\/a><\/p>\n<h2>Wohnmobilstellpl\u00e4tze in L\u00f6f\/Mosel, 2 km<\/h2>\n<p>bei Firma <strong>SOG\u00aeSysteme OHG, In der Mark 2, D-56332 L\u00f6f \/ Mosel<\/strong><br \/>\nStellplatz \/ Parkplatz mit Ver- und Entsorgung und Strom in L\u00f6f \/ Ortsrand. Untergrund aus Schotter\/Kies<br \/>\nBeleuchteter \u00dcbernachtungsparkplatz<\/p>\n<ul>\n<li>Tel.: <a href=\"tel:+492605952762\">+49 (0) 2605 \/ 95 27 62<\/a><\/li>\n<li>Fax: <a href=\"tel:+492605952763\">+49 (0) 2605 \/ 95 27 63<\/a><\/li>\n<li>E-Mail: <a href=\"mailto:info@sog-systeme.de\" title=\"Mail an SOG Systeme OHG\">info@sog-systeme.de<\/a><\/li>\n<li>Web: <a href=\"http:\/\/www.sog-systeme.de\/cms\/unternehmen\/kontakt-und-anfahrt.html\" title=\"Link zur Website von SOG Systeme OHG\", \u00f6ffnet in neuem Fenster\" target=\"_blank\" rel=\"noopener\" >www.sog-systeme.de\/cms\/unternehmen\/kontakt-und-anfahrt.html<\/a><\/li>\n<\/ul>\n<h2>Wohnmobilstellpl\u00e4tze in M\u00fcnstermaifeld, 5 km<\/h2>\n<p>An den G\u00e4rten 6, 56294 M\u00fcnstermaifeld<\/strong><\/p>\n<p>Stellplatz \/ Parkplatz ohne Ver- und Entsorgung und Strom in M\u00fcnstermaifeld \/ Ortsrand. Untergrund aus Asphalt\/Pflaster\/Rasengitter<\/p>\n<p>An der Stadthalle in M\u00fcnstermaifeld stehen vier geb\u00fchrenfreie Stellpl\u00e4tze in ruhiger Lage zur Verf\u00fcgung. Der historische Stadtkern mit Museen, Gastronomie und Einkaufsm\u00f6glichkeiten ist fu\u00dfl\u00e4ufig erreichbar. Im Sommer lockt das Freibad zu einem Besuch.<\/p>\n","protected":false},"excerpt":{"rendered":"<p>Campinginsel Hatzenport Der Campingplatz liegt auf einer Insel, dem HATZENPORTER WERTH, mitten in der Mosel. Diese ist \u00fcber einen Damm mit Hatzenport verbunden. Von der Insel aus haben Sie zu einer Seite einen herrlichen Ausblick auf den Ort und die Weinberge der Terrassenmosel und zur anderen Seite auf die Mosel und die H\u00f6hen des Hunsr\u00fccks. [&hellip;]<\/p>\n","protected":false},"author":1,"featured_media":0,"parent":571,"menu_order":6,"comment_status":"closed","ping_status":"closed","template":"","meta":{"footnotes":""},"class_list":["post-1044","page","type-page","status-publish","hentry"],"publishpress_future_action":{"enabled":false,"date":"2026-05-01 01:16:02","action":"change-status","newStatus":"draft","terms":[],"taxonomy":"","extraData":[]},"publishpress_future_workflow_manual_trigger":{"enabledWorkflows":[]},"_links":{"self":[{"href":"http:\/\/via-vitis.de\/hp18cms\/wp-json\/wp\/v2\/pages\/1044","targetHints":{"allow":["GET"]}}],"collection":[{"href":"http:\/\/via-vitis.de\/hp18cms\/wp-json\/wp\/v2\/pages"}],"about":[{"href":"http:\/\/via-vitis.de\/hp18cms\/wp-json\/wp\/v2\/types\/page"}],"author":[{"embeddable":true,"href":"http:\/\/via-vitis.de\/hp18cms\/wp-json\/wp\/v2\/users\/1"}],"replies":[{"embeddable":true,"href":"http:\/\/via-vitis.de\/hp18cms\/wp-json\/wp\/v2\/comments?post=1044"}],"version-history":[{"count":6,"href":"http:\/\/via-vitis.de\/hp18cms\/wp-json\/wp\/v2\/pages\/1044\/revisions"}],"predecessor-version":[{"id":1378,"href":"http:\/\/via-vitis.de\/hp18cms\/wp-json\/wp\/v2\/pages\/1044\/revisions\/1378"}],"up":[{"embeddable":true,"href":"http:\/\/via-vitis.de\/hp18cms\/wp-json\/wp\/v2\/pages\/571"}],"wp:attachment":[{"href":"http:\/\/via-vitis.de\/hp18cms\/wp-json\/wp\/v2\/media?parent=1044"}],"curies":[{"name":"wp","href":"https:\/\/api.w.org\/{rel}","templated":true}]}}